 + 5*j = -75. What are the prime factors of (10/4 + -3)*p?
3
List the prime factors of 2 - 156/(-2) - -3.
83
Let g(w) be the second derivative of -w**3/6 - w**2/2 - w. Suppose 2*r + l + 10 = -l, -4*r - 36 = -4*l. List the prime factors of g(r).
2, 3
Suppose 6*o = 4*o - v + 251, 4*o - 498 = 2*v. Suppose 5*r - 2*n = -12 + 125, -o = -5*r + 5*n. List the prime factors of r.
3, 7
Let f(n) = -5*n - 15. List the prime factors of f(-9).
2, 3, 5
Let t = -772 + 1169. List the prime factors of t.
397
Suppose 0 = 3*s - 2 + 5, 0 = 3*x + 2*s - 19. Let g(o) = o**3 - 6*o**2 - 7*o + 4. Let b be g(x). Suppose u = b*u - 18. What are the prime factors of u?
2, 3
Let s(d) = -d**3 + 8*d**2 + 14*d - 12. Let l be s(9). Suppose 0 = -4*z - 2*q + 86, -z + l = z + 3*q. List the prime factors of z.
2, 3
List the prime factors of -2*(-30)/12*(-16)/(-1).
2, 5
Suppose -3*o = 2*o - 3*z - 72, -5*o + 79 = 4*z. What are the prime factors of o?
3, 5
Let u be (-6)/(-21) - 12/(-7). Suppose 0*y + u*y = 10. Let b(g) = 4*g + 4. What are the prime factors of b(y)?
2, 3
Suppose 0*v + 2*v = 14. Let g(h) = -h**3 + h**2 + 7*h. Let n be g(3). Suppose -a - n*q = -17, v*a + 2*q - 20 = 2*a. List the prime factors of a.
2
Let b be 8 + (-9)/3*-1. Let o = 1 + b. List the prime factors of o.
2, 3
Suppose 220 = 5*n - 5*y, 2*n + y = -y + 104. Suppose 5*w - n = 2*w. Suppose 2*c - w = g, 2*c = -3*c + 4*g + 34. List the prime factors of c.
2, 5
What are the prime factors of ((-95)/(-15) + -6)/((-2)/(-918))?
3, 17
Let y(m) = -7*m - 6*m**2 + 4 + 2*m**3 - 4*m**3 - 6 + 12. Let l(s) = -s**3 + s**2 + s - 1. Let d(j) = -3*l(j) + y(j). List the prime factors of d(10).
13
Suppose 195 = 5*l - t + 6*t, 3*l + t = 107. Suppose -l - 26 = -5*w. List the prime factors of w.
2, 3
Suppose 0 = -5*p + 110 - 35. Let h be 0 + -2 - (4 + -3). List the prime factors of p/(-9)*h*2.
2, 5
Let c = 13 - 21. Let i = c - -16. What are the prime factors of i?
2
Suppose -5*p - g - g = -350, 5*p - 2*g = 370. Suppose -o = 3*o - p. List the prime factors of o.
2, 3
What are the prime factors of -3*1 - (0 + -112)?
109
Suppose -20 = -4*w, 8*w - 3*w + 209 = 2*h. What are the prime factors of h?
3, 13
Suppose -5*t + 0*t - 349 = 2*x, 4*t = x + 142. List the prime factors of (-4)/6*x/12.
3
Let c be ((-4)/(-3))/(4/(-36)). Let o be ((-8)/5)/(c/30). Suppose -o*x + 39 + 37 = 0. List the prime factors of x.
19
Let q = -228 - -390. List the prime factors of q.
2, 3
Let i(g) = -g - 2. Let p be i(-4). Let h be (p/(-8) - -1)*-4. What are the prime factors of (18/3)/((-3)/h)?
2, 3
Let c = -333 + 586. List the prime factors of c.
11, 23
Suppose 4*r + 4*j - 16 = 0, 0 = 3*j - j - 2. Suppose -r + 45 = m. What are the prime factors of m?
2, 3, 7
Let l(c) = 20*c**2 + 14*c + 1. Let k(m) = 7*m**2 + 5*m. Let g(j) = -17*k(j) + 6*l(j). What are the prime factors of g(0)?
2, 3
Let i = 10 - 24. Let j = 26 + i. What are the prime factors of j?
2, 3
Let t(n) = -n**3 - 6*n**2 + 7*n - 11. What are the prime factors of t(-8)?
61
Let l(v) = -v**2 - 5*v + 6. Let y be l(-6). Let t = y + 2. List the prime factors of t.
2
Let r(d) be the second derivative of 1/6*d**3 + 2*d + 0 + 0*d**2. List the prime factors of r(5).
5
Let g = -29 + 77. Let f = g + -20. What are the prime factors of f?
2, 7
Let w = 29 + -4. List the prime factors of w.
5
Let m = -6 - -34. What are the prime factors of m?
2, 7
Suppose -5*s + 2*g = 39, -7*g + 17 = -s - 2*g. Let h be s - -2 - (-2 - 1). What are the prime factors of (-5)/(((-5)/h)/(-5))?
2, 5
Let r(w) = -w**3 - 3*w**2 + 5*w + 3. Let g be r(-4). Let z be -1*(-1 - g)/2. What are the prime factors of 2 + z + 3 + -1?
2
Suppose -5*a - 3*m + 720 = -8*m, -3*a + 430 = -m. List the prime factors of a.
11, 13
Suppose 0 = 4*a - t - 3*t - 8, -4*t = a - 12. Let x(k) = -2*k - 4. Let f be x(-5). Let j = f + a. List the prime factors of j.
2, 5
Suppose 0*n - 4*b = -n + 35, -3*n = 5*b - 71. What are the prime factors of n?
3
List the prime factors of (0 - 1*-3) + 510/10.
2, 3
Suppose -17 + 2 = -5*r. Suppose c - 4*c = -m + 16, r*m - 2*c - 27 = 0. List the prime factors of m.
7
Suppose 2*z + 0 = 16. Let v = 0 - -13. Let b = v - z. List the prime factors of b.
5
Let t = -34 + 60. What are the prime factors of t?
2, 13
Let g = 2 - -10. Suppose -8*z - 156 = -g*z. What are the prime factors of z?
3, 13
Suppose -6 = -2*o, 0*g - 4*o = 3*g - 795. List the prime factors of g.
3, 29
Suppose -x - s = -27, -3*s - 9 - 6 = 0. What are the prime factors of x?
2
Suppose 63 = 3*a - 6. Suppose v + 0*v - a = 0. List the prime factors of v.
23
Let h(m) = 40*m. Let t be h(1). Suppose 2*i - t = -12. List the prime factors of i.
2, 7
Let l(m) = -m**2 - 7*m - 5. Suppose 5*k = -7 - 8. Let o(q) = q**2 + 4*q - 1. Let h be o(k). What are the prime factors of l(h)?
7
Let j = -4 - -11. Let s = 29 - j. What are the prime factors of s?
2, 11
Let j(l) = l**2 + 7*l - 24. List the prime factors of j(10).
2, 73
Let r = -38 + 55. List the prime factors of r.
17
Let h be 1/4 + (-60)/(-16). Let a be (3/4)/(h/(-16)). What are the prime factors of (-17)/(-3) - (-2)/a?
5
Let c be (0 - 0)/(3/3). Suppose 4*l - 2*q + 14 = 0, -9 = 3*l - c*l - 3*q. Let w = -1 - l. What are the prime factors of w?
3
Let j(i) = 4*i. Let c be j(-5). Suppose -k = k + 18. Let a = k - c. What are the prime factors of a?
11
Suppose -v + 6*v - 170 = 0. Suppose 0*l + l = v. What are the prime factors of l?
2, 17
Let y(r) = r**3 - 7*r**2 - 4. Let o be y(7). Let u(a) = -a**3 - 3*a**2 + a - 1. List the prime factors of u(o).
11
List the prime factors of 2/4 + (-23)/(-2).
2, 3
Suppose -b + 2*k - 13 = 2*b, 0 = -2*b - 2*k - 22. Let x = b + 17. List the prime factors of x.
2, 5
Let q(f) = -f**3 + 4*f**2 + 5*f + 2. Let d be q(5). What are the prime factors of (49 + d)/(-1 + 2)?
3, 17
Let s = 21 - 13. Let o(j) = j**3 - 8*j**2 + 8. What are the prime factors of o(s)?
2
Suppose 0*n + 1311 = 3*n - 3*b, -3*n - 2*b + 1316 = 0. What are the prime factors of n?
2, 3, 73
Suppose -4*c + 3*c + 5 = 0. Suppose c*o - r = 4*r + 50, -o + 3*r = -10. List the prime factors of o.
2, 5
What are the prime factors of (-3 - -6) + 33 - 0?
2, 3
Let i be 16/20 - (-12)/(-15). Suppose 0 = -b - 4*l + 59, 2*b - 7*b - 5*l + 235 = i. List the prime factors of b.
43
Let f = -12 + 6. What are the prime factors of (-4)/4*0 - f?
2, 3
Let f(s) = 3*s - 4. Let z be 28/(-8)*(-2 + 0). What are the prime factors of f(z)?
17
Let x(w) = -w**2 + 38. List the prime factors of x(0).
2, 19
Let n(f) = -f - 4. Let g(c) = -c**2 + 11*c - 8. Let q be g(7). Suppose -q = 4*v - 3*l, 3*l = v - 3*v - 28. List the prime factors of n(v).
2
Let t(u) = u**2 + 3*u - 12. What are the prime factors of t(7)?
2, 29
Suppose 2*x = -0*x + 4. Suppose -132 = -x*v - 2*v. What are the prime factors of v?
3, 11
Let t(m) = 4*m**2 - 6*m + 3. What are the prime factors of t(3)?
3, 7
Let n be (-1)/((-14)/(-8) - 2). Suppose 9 = -h + n*h. Suppose -2*p - 3*p = -h*a + 41, -4*p = -5*a + 51. List the prime factors of a.
7
Suppose 7*z - 4*z = 0. Let d(j) = 0*j - 4*j**3 + 5*j**3 + 8 + j. What are the prime factors of d(z)?
2
Let g be 48/(-6) + 1 + 1. Let i be -6 + (0/(-2) - -2). List the prime factors of (-16)/g*(-9)/i.
2, 3
Let r be 9/(-3) - -2 - 7. Let v = r + 22. List the prime factors of v.
2, 7
Suppose -i - i + 4 = 0. Suppose 4*k - 78 = i*k. What are the prime factors of k?
3, 13
Let h = 69 - 40. List the prime factors of h.
29
Suppose 0 = -3*w + 29 - 2. Suppose 5*l - w = -4. List the prime factors of 1/l + 9 - -2.
2, 3
Let u be (-87)/(-15) + 2/10. Let k(y) = -y**2 + 8*y - 6. Let t be k(u). Suppose -4*o - 12 = -t*o. What are the prime factors of o?
2, 3
Let j be 4/10 + (-110)/25. List the prime factors of (-94)/(-18) - j/(-18).
5
Let f(u) = -u**3 - 6*u**2 + 7. Let a be f(-6). Suppose -11*j = -a*j - 16. List the prime factors of j.
2
Suppose 0 = 2*h + 12 - 32. List the prime factors of h.
2, 5
Suppose h - 6 = 3*a + 7, -4*h = a - 117. What are the prime factors of h?
2, 7
Suppose k = 0, 4*a - 2*a + 3*k - 6 = 0. Suppose -2*s + a = -s. Suppose -9 = 3*r, -x - 37 = -3*x + s*r. List the prime factors of x.
2, 7
Let n = -25 - -65. List the prime factors of n.
2, 5
Let i = -108 + 200. List the prime factors of i.
2, 23
Suppose 0 = -4*y + 16 + 16. Suppose -24 + y = -4*a. What are the prime factors of a?
2
Let r(b) = -2*b**2 - 5*